{"id":6676,"date":"2024-08-26T18:12:11","date_gmt":"2024-08-26T16:12:11","guid":{"rendered":"https:\/\/www.eveha.fr\/?page_id=6676"},"modified":"2025-09-19T18:05:50","modified_gmt":"2025-09-19T16:05:50","slug":"jep-agence-tours","status":"publish","type":"page","link":"https:\/\/www.eveha.fr\/index.php\/jep-agence-tours\/","title":{"rendered":"Ouverture exceptionnelle de l&rsquo;agence de Tours au grand public, le 20 septembre, \u00e0 l&rsquo;occasion des Journ\u00e9es Europ\u00e9ennes du patrimoine."},"content":{"rendered":"\n<div style=\"height:30px\" aria-hidden=\"true\" class=\"wp-block-spacer\"><\/div>\n\n\n\n<p><strong>Venez d\u00e9couvrir comment travaillent nos sp\u00e9cialistes, leur mode op\u00e9ratoire et leurs plus grandes d\u00e9couvertes<\/strong> &#8211; <strong>Dur\u00e9e de la visite : 1h20 min. <\/strong><\/p>\n\n\n\n<div class=\"wp-block-columns is-layout-flex wp-container-3 wp-block-columns-is-layout-flex\">\n<div class=\"wp-block-column is-layout-flow wp-block-column-is-layout-flow\" style=\"flex-basis:10%\"><div class=\"wp-block-image is-style-rounded\">\n<figure class=\"aligncenter size-full is-resized\"><img decoding=\"async\" src=\"http:\/\/www.eveha.fr\/wp-content\/uploads\/2024\/03\/Capture-decran-du-2024-03-18-16-45-55.png\" alt=\"\" class=\"wp-image-5556\" style=\"aspect-ratio:1;object-fit:cover;width:60px\" width=\"60\" srcset=\"https:\/\/www.eveha.fr\/wp-content\/uploads\/2024\/03\/Capture-decran-du-2024-03-18-16-45-55.png 850w, https:\/\/www.eveha.fr\/wp-content\/uploads\/2024\/03\/Capture-decran-du-2024-03-18-16-45-55-300x268.png 300w, https:\/\/www.eveha.fr\/wp-content\/uploads\/2024\/03\/Capture-decran-du-2024-03-18-16-45-55-768x686.png 768w\" sizes=\"(max-width: 767px) 89vw, (max-width: 1000px) 54vw, (max-width: 1071px) 543px, 580px\" \/><\/figure><\/div><\/div>\n\n\n\n<div class=\"wp-block-column is-vertically-aligned-center is-layout-flow wp-block-column-is-layout-flow\" style=\"flex-basis:80%\">\n<h1 class=\"wp-block-heading\" id=\"fouilles\"><strong>Un bureau d&rsquo;\u00e9tudes arch\u00e9ologiques<\/strong><br><strong>\u00e0 Tours !!?<\/strong><\/h1>\n<\/div>\n<\/div>\n\n\n\n<div class=\"wp-block-columns is-layout-flex wp-container-6 wp-block-columns-is-layout-flex\">\n<div class=\"wp-block-column is-layout-flow wp-block-column-is-layout-flow\">\n<p><strong>L\u2019\u00e9quipe de l\u2019agence \u00c9veha de Tours<\/strong> invite le grand public \u00e0 plonger dans <strong>l\u2019univers passionnant de l\u2019arch\u00e9ologie \u00e0 travers deux parcours de visites.<\/strong> De la fouille aux analyses en laboratoire, ils d\u00e9couvriront la richesse de nos m\u00e9tiers et notre quotidien. <\/p>\n\n\n\n<p><strong>Visite 1 &#8211; <\/strong> <strong>partez \u00e0 la d\u00e9couverte des m\u00e9tiers de GAF (gestion des archives de fouilles), d&rsquo;arch\u00e9ozoologue et de pal\u00e9om\u00e9tallurgiste<\/strong> : <br><strong>\u00e0  9h30, 10h10, 10h50, 11h30 le matin et 13h30, 14h10, 14h50, 15h30 et 16h10 l&rsquo;apr\u00e8s-midi. <\/strong><\/p>\n\n\n\n<p><strong>Visite 2 &#8211; partez \u00e0 la d\u00e9couverte de la topographie (le matin), de la g\u00e9ophysique (l&rsquo;apr\u00e8s-midi), de la c\u00e9ramologie et de l&rsquo;anthropologie :<\/strong><br><strong>\u00e0 9h50, 10h30, 11h10, 11h50 le matin et 13h50, 14h30, 15h10 et 15h50 l&rsquo;apr\u00e8s-midi. <\/strong> <\/p>\n\n\n\n<p>Bref, un v\u00e9ritable voyage au c\u0153ur de nos savoir-faire arch\u00e9ologiques !<\/p>\n\n\n\n<p><strong><mark style=\"background-color:#899153\" class=\"has-inline-color has-white-color\">Un temps d&rsquo;animation \u00e0 l&rsquo;attention des enfants autour de bacs de fouille sera \u00e9galement propos\u00e9 lors des visites !<\/mark><\/strong><\/p>\n<\/div>\n\n\n\n<div class=\"wp-block-column is-layout-flow wp-block-column-is-layout-flow\"><div class=\"wp-block-image is-style-rounded\">\n<figure class=\"aligncenter size-large is-resized\"><img decoding=\"async\" loading=\"lazy\" src=\"http:\/\/www.eveha.fr\/wp-content\/uploads\/2025\/07\/tours-1024x748.png\" alt=\"\" class=\"wp-image-8896\" style=\"object-fit:cover;width:315px;height:315px\" width=\"315\" height=\"315\" srcset=\"https:\/\/www.eveha.fr\/wp-content\/uploads\/2025\/07\/tours-150x150.png 150w, https:\/\/www.eveha.fr\/wp-content\/uploads\/2025\/07\/tours-100x100.png 100w\" sizes=\"(max-width: 315px) 100vw, 315px\" \/><\/figure><\/div>\n\n\n<figure class=\"wp-block-image size-full\"><img decoding=\"async\" loading=\"lazy\" width=\"1024\" height=\"768\" src=\"http:\/\/www.eveha.fr\/wp-content\/uploads\/2025\/07\/2025-anthropo-etude-limoges-04.jpg\" alt=\"\" class=\"wp-image-8897\" srcset=\"https:\/\/www.eveha.fr\/wp-content\/uploads\/2025\/07\/2025-anthropo-etude-limoges-04.jpg 1024w, https:\/\/www.eveha.fr\/wp-content\/uploads\/2025\/07\/2025-anthropo-etude-limoges-04-300x225.jpg 300w, https:\/\/www.eveha.fr\/wp-content\/uploads\/2025\/07\/2025-anthropo-etude-limoges-04-768x576.jpg 768w\" sizes=\"(max-width: 767px) 89vw, (max-width: 1000px) 54vw, (max-width: 1071px) 543px, 580px\" \/><\/figure>\n<\/div>\n<\/div>\n\n\n\n<div class=\"wp-block-columns is-layout-flex wp-container-9 wp-block-columns-is-layout-flex\">\n<div class=\"wp-block-column is-layout-flow wp-block-column-is-layout-flow\" style=\"flex-basis:10%\"><\/div>\n\n\n\n<div class=\"wp-block-column is-vertically-aligned-center is-layout-flow wp-block-column-is-layout-flow\" style=\"flex-basis:80%\">\n<h1 class=\"wp-block-heading\" id=\"fouilles\"><strong>R\u00e9servez vos places !<\/strong><\/h1>\n<\/div>\n<\/div>\n\n\n\n<p>les r\u00e9servations sont termin\u00e9es mais pas de panique, il reste des places !<br>Nous vous invitons \u00e0 nous contacter par t\u00e9l\u00e9phone pour trouver un moment qui vous convienne afin de pouvoir r\u00e9aliser la visite :<br>06 98 93 97 52 <\/p>\n\n\n\n<div class=\"wp-block-columns is-layout-flex wp-container-12 wp-block-columns-is-layout-flex\">\n<div class=\"wp-block-column is-layout-flow wp-block-column-is-layout-flow\" style=\"flex-basis:10%\"><div class=\"wp-block-image is-style-rounded\">\n<figure class=\"aligncenter size-full is-resized\"><img decoding=\"async\" src=\"https:\/\/www.eveha.fr\/wp-content\/uploads\/2024\/03\/Capture-decran-du-2024-03-18-16-47-50.png\" alt=\"\" class=\"wp-image-5557\" style=\"aspect-ratio:1;object-fit:cover;width:60px\" width=\"60\" srcset=\"https:\/\/www.eveha.fr\/wp-content\/uploads\/2024\/03\/Capture-decran-du-2024-03-18-16-47-50.png 850w, https:\/\/www.eveha.fr\/wp-content\/uploads\/2024\/03\/Capture-decran-du-2024-03-18-16-47-50-300x268.png 300w, https:\/\/www.eveha.fr\/wp-content\/uploads\/2024\/03\/Capture-decran-du-2024-03-18-16-47-50-768x686.png 768w\" sizes=\"(max-width: 767px) 89vw, (max-width: 1000px) 54vw, (max-width: 1071px) 543px, 580px\" \/><\/figure><\/div><\/div>\n\n\n\n<div class=\"wp-block-column is-vertically-aligned-center is-layout-flow wp-block-column-is-layout-flow\" style=\"flex-basis:80%\">\n<h1 class=\"wp-block-heading\" id=\"venir\"><strong>Comment venir ?<\/strong><\/h1>\n<\/div>\n<\/div>\n\n\n\n<div class=\"wp-block-columns is-layout-flex wp-container-15 wp-block-columns-is-layout-flex\">\n<div class=\"wp-block-column is-vertically-aligned-center is-layout-flow wp-block-column-is-layout-flow\">\n<h6 class=\"wp-block-heading\">\u00c9veha Centre-\u00cele-de-France Agence de Tours&nbsp;<\/h6>\n\n\n\n<p><a rel=\"noreferrer noopener\" href=\"https:\/\/www.google.com\/maps\/place\/2+Rue+Th%C3%A9r%C3%A8se+Planiol,+37170+Chambray-l%C3%A8s-Tours\/@47.3264998,0.7008395,236m\/data=!3m1!1e3!4m6!3m5!1s0x47fcd702de98fbb1:0x773a5875dc3e44!8m2!3d47.3271923!4d0.7028172!16s%2Fg%2F11vkqk5k3m?entry=ttu\" target=\"_blank\">2 impasse Th\u00e9r\u00e8se-Planiol<br>ZAC Vrillonnerie Sud, 37170 CHAMBRAY-LES-TOURS<\/a><br>T\u00e9l. : 06 98 93 97 52    <\/p>\n<\/div>\n\n\n\n<div class=\"wp-block-column is-layout-flow wp-block-column-is-layout-flow\">\n<iframe src=\"https:\/\/www.google.com\/maps\/embed?pb=!1m14!1m8!1m3!1d1995.6368703912397!2d0.700955781494143!3d47.32735866130507!3m2!1i1024!2i768!4f13.1!3m3!1m2!1s0x47fcd7003c43a1d7%3A0x52f962a6e22a12f!2sEveha%20Tours!5e1!3m2!1sfr!2sfr!4v1752051293259!5m2!1sfr!2sfr\" width=\"600\" height=\"450\" style=\"border:0;\" allowfullscreen=\"\" loading=\"lazy\" referrerpolicy=\"no-referrer-when-downgrade\"><\/iframe>\n<\/div>\n<\/div>\n\n\n\n<div style=\"height:45px\" aria-hidden=\"true\" class=\"wp-block-spacer\"><\/div>\n","protected":false},"excerpt":{"rendered":"<p>Venez d\u00e9couvrir comment travaillent nos sp\u00e9cialistes, leur mode op\u00e9ratoire et leurs plus grandes d\u00e9couvertes &#8211; Dur\u00e9e de la visite : 1h20 min. Un bureau d&rsquo;\u00e9tudes arch\u00e9ologiques\u00e0 Tours !!? L\u2019\u00e9quipe de l\u2019agence \u00c9veha de Tours invite le grand public \u00e0 plonger dans l\u2019univers passionnant de l\u2019arch\u00e9ologie \u00e0 travers deux parcours de visites. De la fouille aux &hellip; <\/p>\n<p class=\"link-more\"><a href=\"https:\/\/www.eveha.fr\/index.php\/jep-agence-tours\/\" class=\"more-link\">Continuer la lecture<span class=\"screen-reader-text\"> de &laquo;&nbsp;Ouverture exceptionnelle de l&rsquo;agence de Tours au grand public, le 20 septembre, \u00e0 l&rsquo;occasion des Journ\u00e9es Europ\u00e9ennes du patrimoine.&nbsp;&raquo;<\/span><\/a><\/p>\n","protected":false},"author":25,"featured_media":8876,"parent":0,"menu_order":0,"comment_status":"closed","ping_status":"closed","template":"","meta":{"inline_featured_image":false,"footnotes":""},"_links":{"self":[{"href":"https:\/\/www.eveha.fr\/index.php\/wp-json\/wp\/v2\/pages\/6676"}],"collection":[{"href":"https:\/\/www.eveha.fr\/index.php\/wp-json\/wp\/v2\/pages"}],"about":[{"href":"https:\/\/www.eveha.fr\/index.php\/wp-json\/wp\/v2\/types\/page"}],"author":[{"embeddable":true,"href":"https:\/\/www.eveha.fr\/index.php\/wp-json\/wp\/v2\/users\/25"}],"replies":[{"embeddable":true,"href":"https:\/\/www.eveha.fr\/index.php\/wp-json\/wp\/v2\/comments?post=6676"}],"version-history":[{"count":37,"href":"https:\/\/www.eveha.fr\/index.php\/wp-json\/wp\/v2\/pages\/6676\/revisions"}],"predecessor-version":[{"id":9504,"href":"https:\/\/www.eveha.fr\/index.php\/wp-json\/wp\/v2\/pages\/6676\/revisions\/9504"}],"wp:featuredmedia":[{"embeddable":true,"href":"https:\/\/www.eveha.fr\/index.php\/wp-json\/wp\/v2\/media\/8876"}],"wp:attachment":[{"href":"https:\/\/www.eveha.fr\/index.php\/wp-json\/wp\/v2\/media?parent=6676"}],"curies":[{"name":"wp","href":"https:\/\/api.w.org\/{rel}","templated":true}]}}

Ouverture exceptionnelle de l&rsquo;agence de Tours au grand public, le 20 septembre, à l&rsquo;occasion des Journées Européennes du patrimoine.

<div style="height:30px" aria-hidden="true" class="wp-block-spacer"></div>



<p><strong>Venez découvrir comment travaillent nos spécialistes, leur mode opératoire et leurs plus grandes découvertes</strong> &#8211; <strong>Durée de la visite : 1h20 min. </strong></p>



<div class="wp-block-columns is-layout-flex wp-container-3 wp-block-columns-is-layout-flex">
<div class="wp-block-column is-layout-flow wp-block-column-is-layout-flow" style="flex-basis:10%"><div class="wp-block-image is-style-rounded">
<figure class="aligncenter size-full is-resized"><img decoding="async" src="http://www.eveha.fr/wp-content/uploads/2024/03/Capture-decran-du-2024-03-18-16-45-55.png" alt="" class="wp-image-5556" style="aspect-ratio:1;object-fit:cover;width:60px" width="60" srcset="https://www.eveha.fr/wp-content/uploads/2024/03/Capture-decran-du-2024-03-18-16-45-55.png 850w, https://www.eveha.fr/wp-content/uploads/2024/03/Capture-decran-du-2024-03-18-16-45-55-300x268.png 300w, https://www.eveha.fr/wp-content/uploads/2024/03/Capture-decran-du-2024-03-18-16-45-55-768x686.png 768w" sizes="(max-width: 767px) 89vw, (max-width: 1000px) 54vw, (max-width: 1071px) 543px, 580px" /></figure></div></div>



<div class="wp-block-column is-vertically-aligned-center is-layout-flow wp-block-column-is-layout-flow" style="flex-basis:80%">
<h1 class="wp-block-heading" id="fouilles"><strong>Un bureau d&rsquo;études archéologiques</strong><br><strong>à Tours !!?</strong></h1>
</div>
</div>



<div class="wp-block-columns is-layout-flex wp-container-6 wp-block-columns-is-layout-flex">
<div class="wp-block-column is-layout-flow wp-block-column-is-layout-flow">
<p><strong>L’équipe de l’agence Éveha de Tours</strong> invite le grand public à plonger dans <strong>l’univers passionnant de l’archéologie à travers deux parcours de visites.</strong> De la fouille aux analyses en laboratoire, ils découvriront la richesse de nos métiers et notre quotidien. </p>



<p><strong>Visite 1 &#8211; </strong> <strong>partez à la découverte des métiers de GAF (gestion des archives de fouilles), d&rsquo;archéozoologue et de paléométallurgiste</strong> : <br><strong>à  9h30, 10h10, 10h50, 11h30 le matin et 13h30, 14h10, 14h50, 15h30 et 16h10 l&rsquo;après-midi. </strong></p>



<p><strong>Visite 2 &#8211; partez à la découverte de la topographie (le matin), de la géophysique (l&rsquo;après-midi), de la céramologie et de l&rsquo;anthropologie :</strong><br><strong>à 9h50, 10h30, 11h10, 11h50 le matin et 13h50, 14h30, 15h10 et 15h50 l&rsquo;après-midi. </strong> </p>



<p>Bref, un véritable voyage au cœur de nos savoir-faire archéologiques !</p>



<p><strong><mark style="background-color:#899153" class="has-inline-color has-white-color">Un temps d&rsquo;animation à l&rsquo;attention des enfants autour de bacs de fouille sera également proposé lors des visites !</mark></strong></p>
</div>



<div class="wp-block-column is-layout-flow wp-block-column-is-layout-flow"><div class="wp-block-image is-style-rounded">
<figure class="aligncenter size-large is-resized"><img decoding="async" loading="lazy" src="http://www.eveha.fr/wp-content/uploads/2025/07/tours-1024x748.png" alt="" class="wp-image-8896" style="object-fit:cover;width:315px;height:315px" width="315" height="315" srcset="https://www.eveha.fr/wp-content/uploads/2025/07/tours-150x150.png 150w, https://www.eveha.fr/wp-content/uploads/2025/07/tours-100x100.png 100w" sizes="(max-width: 315px) 100vw, 315px" /></figure></div>


<figure class="wp-block-image size-full"><img decoding="async" loading="lazy" width="1024" height="768" src="http://www.eveha.fr/wp-content/uploads/2025/07/2025-anthropo-etude-limoges-04.jpg" alt="" class="wp-image-8897" srcset="https://www.eveha.fr/wp-content/uploads/2025/07/2025-anthropo-etude-limoges-04.jpg 1024w, https://www.eveha.fr/wp-content/uploads/2025/07/2025-anthropo-etude-limoges-04-300x225.jpg 300w, https://www.eveha.fr/wp-content/uploads/2025/07/2025-anthropo-etude-limoges-04-768x576.jpg 768w" sizes="(max-width: 767px) 89vw, (max-width: 1000px) 54vw, (max-width: 1071px) 543px, 580px" /></figure>
</div>
</div>



<div class="wp-block-columns is-layout-flex wp-container-9 wp-block-columns-is-layout-flex">
<div class="wp-block-column is-layout-flow wp-block-column-is-layout-flow" style="flex-basis:10%"></div>



<div class="wp-block-column is-vertically-aligned-center is-layout-flow wp-block-column-is-layout-flow" style="flex-basis:80%">
<h1 class="wp-block-heading" id="fouilles"><strong>Réservez vos places !</strong></h1>
</div>
</div>



<p>les réservations sont terminées mais pas de panique, il reste des places !<br>Nous vous invitons à nous contacter par téléphone pour trouver un moment qui vous convienne afin de pouvoir réaliser la visite :<br>06 98 93 97 52 </p>



<div class="wp-block-columns is-layout-flex wp-container-12 wp-block-columns-is-layout-flex">
<div class="wp-block-column is-layout-flow wp-block-column-is-layout-flow" style="flex-basis:10%"><div class="wp-block-image is-style-rounded">
<figure class="aligncenter size-full is-resized"><img decoding="async" src="https://www.eveha.fr/wp-content/uploads/2024/03/Capture-decran-du-2024-03-18-16-47-50.png" alt="" class="wp-image-5557" style="aspect-ratio:1;object-fit:cover;width:60px" width="60" srcset="https://www.eveha.fr/wp-content/uploads/2024/03/Capture-decran-du-2024-03-18-16-47-50.png 850w, https://www.eveha.fr/wp-content/uploads/2024/03/Capture-decran-du-2024-03-18-16-47-50-300x268.png 300w, https://www.eveha.fr/wp-content/uploads/2024/03/Capture-decran-du-2024-03-18-16-47-50-768x686.png 768w" sizes="(max-width: 767px) 89vw, (max-width: 1000px) 54vw, (max-width: 1071px) 543px, 580px" /></figure></div></div>



<div class="wp-block-column is-vertically-aligned-center is-layout-flow wp-block-column-is-layout-flow" style="flex-basis:80%">
<h1 class="wp-block-heading" id="venir"><strong>Comment venir ?</strong></h1>
</div>
</div>



<div class="wp-block-columns is-layout-flex wp-container-15 wp-block-columns-is-layout-flex">
<div class="wp-block-column is-vertically-aligned-center is-layout-flow wp-block-column-is-layout-flow">
<h6 class="wp-block-heading">Éveha Centre-Île-de-France Agence de Tours&nbsp;</h6>



<p><a rel="noreferrer noopener" href="https://www.google.com/maps/place/2+Rue+Th%C3%A9r%C3%A8se+Planiol,+37170+Chambray-l%C3%A8s-Tours/@47.3264998,0.7008395,236m/data=!3m1!1e3!4m6!3m5!1s0x47fcd702de98fbb1:0x773a5875dc3e44!8m2!3d47.3271923!4d0.7028172!16s%2Fg%2F11vkqk5k3m?entry=ttu" target="_blank">2 impasse Thérèse-Planiol<br>ZAC Vrillonnerie Sud, 37170 CHAMBRAY-LES-TOURS</a><br>Tél. : 06 98 93 97 52    </p>
</div>



<div class="wp-block-column is-layout-flow wp-block-column-is-layout-flow">
<iframe src="https://www.google.com/maps/embed?pb=!1m14!1m8!1m3!1d1995.6368703912397!2d0.700955781494143!3d47.32735866130507!3m2!1i1024!2i768!4f13.1!3m3!1m2!1s0x47fcd7003c43a1d7%3A0x52f962a6e22a12f!2sEveha%20Tours!5e1!3m2!1sfr!2sfr!4v1752051293259!5m2!1sfr!2sfr" width="600" height="450" style="border:0;" allowfullscreen="" loading="lazy" referrerpolicy="no-referrer-when-downgrade"></iframe>
</div>
</div>



<div style="height:45px" aria-hidden="true" class="wp-block-spacer"></div>

<p>Venez découvrir comment travaillent nos spécialistes, leur mode opératoire et leurs plus grandes découvertes &#8211; Durée de la visite : 1h20 min. Un bureau d&rsquo;études archéologiquesà Tours !!? L’équipe de l’agence Éveha de Tours invite le grand public à plonger dans l’univers passionnant de l’archéologie à travers deux parcours de visites. De la fouille aux &hellip; </p>
<p class="link-more"><a href="https://www.eveha.fr/index.php/jep-agence-tours/" class="more-link">Continuer la lecture<span class="screen-reader-text"> de &laquo;&nbsp;Ouverture exceptionnelle de l&rsquo;agence de Tours au grand public, le 20 septembre, à l&rsquo;occasion des Journées Européennes du patrimoine.&nbsp;&raquo;</span></a></p>
