{"id":9683,"date":"2025-10-03T15:57:14","date_gmt":"2025-10-03T13:57:14","guid":{"rendered":"https:\/\/www.eveha.fr\/?page_id=9683"},"modified":"2025-10-10T10:11:50","modified_gmt":"2025-10-10T08:11:50","slug":"prestations-etudes-du-bati","status":"publish","type":"page","link":"https:\/\/www.eveha.fr\/index.php\/prestations-etudes-du-bati\/","title":{"rendered":"Prestations &#8211; \u00c9tudes du b\u00e2ti"},"content":{"rendered":"\n<div class=\"wp-block-columns is-layout-flex wp-container-3 wp-block-columns-is-layout-flex\">\n<div class=\"wp-block-column is-vertically-aligned-center is-layout-flow wp-block-column-is-layout-flow\">\n<h2 class=\"wp-block-heading\">D\u00e9finition<\/h2>\n\n\n\n<p>Les chercheurs d\u2019\u00c9veha r\u00e9alisent des \u00e9tudes arch\u00e9ologiques du b\u00e2ti qui permettent d\u2019appr\u00e9hender l\u2019histoire du lieu et contribuent \u00e0 la r\u00e9alisation de restaurations plus respectueuses de notre patrimoine.<\/p>\n<\/div>\n\n\n\n<div class=\"wp-block-column is-vertically-aligned-center is-layout-flow wp-block-column-is-layout-flow\"><div class=\"wp-block-image is-style-rounded\">\n<figure class=\"aligncenter size-large\"><img decoding=\"async\" loading=\"lazy\" width=\"1024\" height=\"768\" src=\"http:\/\/www.eveha.fr\/wp-content\/uploads\/2025\/08\/45-LAGARDERE-1024x768.jpg\" alt=\"\" class=\"wp-image-9273\" style=\"aspect-ratio:1;object-fit:cover\" srcset=\"https:\/\/www.eveha.fr\/wp-content\/uploads\/2025\/08\/45-LAGARDERE-1024x768.jpg 1024w, https:\/\/www.eveha.fr\/wp-content\/uploads\/2025\/08\/45-LAGARDERE-300x225.jpg 300w, https:\/\/www.eveha.fr\/wp-content\/uploads\/2025\/08\/45-LAGARDERE-768x576.jpg 768w, https:\/\/www.eveha.fr\/wp-content\/uploads\/2025\/08\/45-LAGARDERE-1536x1152.jpg 1536w, https:\/\/www.eveha.fr\/wp-content\/uploads\/2025\/08\/45-LAGARDERE-2048x1536.jpg 2048w\" sizes=\"(max-width: 767px) 89vw, (max-width: 1000px) 54vw, (max-width: 1071px) 543px, 580px\" \/><\/figure><\/div><\/div>\n<\/div>\n\n\n\n<h2 class=\"wp-block-heading\">Exemple de r\u00e9f\u00e9rences<\/h2>\n\n\n\n<div class=\"wp-block-columns is-layout-flex wp-container-7 wp-block-columns-is-layout-flex\">\n<div class=\"wp-block-column is-layout-flow wp-block-column-is-layout-flow\">\n<p class=\"has-text-align-center\"><em><strong>Mandataire Covalence <\/strong><\/em><br>&#8211;<br><em><strong>Chateldon (63<\/strong>)<\/em><br><em>\u00c9tude <em>de b\u00e2ti<\/em><\/em><\/p>\n<\/div>\n\n\n\n<div class=\"wp-block-column is-layout-flow wp-block-column-is-layout-flow\">\n<p class=\"has-text-align-center\"><em><strong>CA du Grand <\/strong><\/em><br>&#8211;<br><em><strong>Cognac  (16)<\/strong><\/em><br><em>R\u00e9habilitation<\/em><\/p>\n<\/div>\n\n\n\n<div class=\"wp-block-column is-layout-flow wp-block-column-is-layout-flow\">\n<p class=\"has-text-align-center\"><strong><em>Architectes mandataires<\/em><\/strong><br>_<br><strong><em>Moissac<\/em><\/strong><em><strong> (82) <\/strong><\/em><br><em>\u00c9tude des \u00e9l\u00e9vations de l&rsquo;abbatiale Saint-Pierre<\/em><\/p>\n<\/div>\n<\/div>\n\n\n\n<h2 class=\"wp-block-heading\">Galerie<\/h2>\n\n\n\n<figure class=\"wp-block-gallery has-nested-images columns-default is-cropped wp-block-gallery-8 is-layout-flex wp-block-gallery-is-layout-flex\">\n<figure class=\"wp-block-image size-large\"><img decoding=\"async\" loading=\"lazy\" width=\"768\" height=\"1024\" data-id=\"9734\" src=\"https:\/\/www.eveha.fr\/wp-content\/uploads\/2025\/10\/Copie-de-Sorde_P1030302-768x1024.jpeg\" alt=\"\" class=\"wp-image-9734\" srcset=\"https:\/\/www.eveha.fr\/wp-content\/uploads\/2025\/10\/Copie-de-Sorde_P1030302-768x1024.jpeg 768w, https:\/\/www.eveha.fr\/wp-content\/uploads\/2025\/10\/Copie-de-Sorde_P1030302-225x300.jpeg 225w, https:\/\/www.eveha.fr\/wp-content\/uploads\/2025\/10\/Copie-de-Sorde_P1030302-1152x1536.jpeg 1152w, https:\/\/www.eveha.fr\/wp-content\/uploads\/2025\/10\/Copie-de-Sorde_P1030302-1536x2048.jpeg 1536w, https:\/\/www.eveha.fr\/wp-content\/uploads\/2025\/10\/Copie-de-Sorde_P1030302-scaled.jpeg 1920w\" sizes=\"(max-width: 767px) 89vw, (max-width: 1000px) 54vw, (max-width: 1071px) 543px, 580px\" \/><\/figure>\n\n\n\n<figure class=\"wp-block-image size-large\"><img decoding=\"async\" loading=\"lazy\" width=\"1024\" height=\"768\" data-id=\"9735\" src=\"https:\/\/www.eveha.fr\/wp-content\/uploads\/2025\/10\/2021_Apatou_Forestie\u0300re-1024x768.jpeg\" alt=\"\" class=\"wp-image-9735\" srcset=\"https:\/\/www.eveha.fr\/wp-content\/uploads\/2025\/10\/2021_Apatou_Forestie\u0300re-1024x768.jpeg 1024w, https:\/\/www.eveha.fr\/wp-content\/uploads\/2025\/10\/2021_Apatou_Forestie\u0300re-300x225.jpeg 300w, https:\/\/www.eveha.fr\/wp-content\/uploads\/2025\/10\/2021_Apatou_Forestie\u0300re-768x576.jpeg 768w, https:\/\/www.eveha.fr\/wp-content\/uploads\/2025\/10\/2021_Apatou_Forestie\u0300re-1536x1152.jpeg 1536w, https:\/\/www.eveha.fr\/wp-content\/uploads\/2025\/10\/2021_Apatou_Forestie\u0300re-2048x1536.jpeg 2048w\" sizes=\"(max-width: 767px) 89vw, (max-width: 1000px) 54vw, (max-width: 1071px) 543px, 580px\" \/><\/figure>\n\n\n\n<figure class=\"wp-block-image size-large\"><img decoding=\"async\" loading=\"lazy\" width=\"576\" height=\"1024\" data-id=\"9736\" src=\"https:\/\/www.eveha.fr\/wp-content\/uploads\/2025\/10\/sorde02_2023-576x1024.jpg\" alt=\"\" class=\"wp-image-9736\" srcset=\"https:\/\/www.eveha.fr\/wp-content\/uploads\/2025\/10\/sorde02_2023-576x1024.jpg 576w, https:\/\/www.eveha.fr\/wp-content\/uploads\/2025\/10\/sorde02_2023-169x300.jpg 169w, https:\/\/www.eveha.fr\/wp-content\/uploads\/2025\/10\/sorde02_2023-768x1365.jpg 768w, https:\/\/www.eveha.fr\/wp-content\/uploads\/2025\/10\/sorde02_2023-864x1536.jpg 864w, https:\/\/www.eveha.fr\/wp-content\/uploads\/2025\/10\/sorde02_2023-1152x2048.jpg 1152w, https:\/\/www.eveha.fr\/wp-content\/uploads\/2025\/10\/sorde02_2023-scaled.jpg 1440w\" sizes=\"(max-width: 576px) 100vw, 576px\" \/><\/figure>\n\n\n\n<figure class=\"wp-block-image size-large\"><img decoding=\"async\" loading=\"lazy\" width=\"1024\" height=\"768\" data-id=\"9737\" src=\"https:\/\/www.eveha.fr\/wp-content\/uploads\/2025\/10\/2015-LImoges-crypte-1024x768.jpg\" alt=\"\" class=\"wp-image-9737\" srcset=\"https:\/\/www.eveha.fr\/wp-content\/uploads\/2025\/10\/2015-LImoges-crypte-1024x768.jpg 1024w, https:\/\/www.eveha.fr\/wp-content\/uploads\/2025\/10\/2015-LImoges-crypte-300x225.jpg 300w, https:\/\/www.eveha.fr\/wp-content\/uploads\/2025\/10\/2015-LImoges-crypte-768x576.jpg 768w, https:\/\/www.eveha.fr\/wp-content\/uploads\/2025\/10\/2015-LImoges-crypte-1536x1152.jpg 1536w, https:\/\/www.eveha.fr\/wp-content\/uploads\/2025\/10\/2015-LImoges-crypte-2048x1536.jpg 2048w\" sizes=\"(max-width: 767px) 89vw, (max-width: 1000px) 54vw, (max-width: 1071px) 543px, 580px\" \/><\/figure>\n\n\n\n<figure class=\"wp-block-image size-large\"><img decoding=\"async\" loading=\"lazy\" width=\"768\" height=\"1024\" data-id=\"9739\" src=\"https:\/\/www.eveha.fr\/wp-content\/uploads\/2025\/10\/sorde4_2023-768x1024.jpg\" alt=\"\" class=\"wp-image-9739\" srcset=\"https:\/\/www.eveha.fr\/wp-content\/uploads\/2025\/10\/sorde4_2023-768x1024.jpg 768w, https:\/\/www.eveha.fr\/wp-content\/uploads\/2025\/10\/sorde4_2023-225x300.jpg 225w, https:\/\/www.eveha.fr\/wp-content\/uploads\/2025\/10\/sorde4_2023-1152x1536.jpg 1152w, https:\/\/www.eveha.fr\/wp-content\/uploads\/2025\/10\/sorde4_2023-1536x2048.jpg 1536w, https:\/\/www.eveha.fr\/wp-content\/uploads\/2025\/10\/sorde4_2023-scaled.jpg 1920w\" sizes=\"(max-width: 767px) 89vw, (max-width: 1000px) 54vw, (max-width: 1071px) 543px, 580px\" \/><\/figure>\n\n\n\n<figure class=\"wp-block-image size-large\"><img decoding=\"async\" loading=\"lazy\" width=\"724\" height=\"1024\" data-id=\"9740\" src=\"https:\/\/www.eveha.fr\/wp-content\/uploads\/2025\/10\/2015_Limoges_Re\u0301publique-724x1024.jpeg\" alt=\"\" class=\"wp-image-9740\" srcset=\"https:\/\/www.eveha.fr\/wp-content\/uploads\/2025\/10\/2015_Limoges_Re\u0301publique-724x1024.jpeg 724w, https:\/\/www.eveha.fr\/wp-content\/uploads\/2025\/10\/2015_Limoges_Re\u0301publique-212x300.jpeg 212w, https:\/\/www.eveha.fr\/wp-content\/uploads\/2025\/10\/2015_Limoges_Re\u0301publique-768x1087.jpeg 768w, https:\/\/www.eveha.fr\/wp-content\/uploads\/2025\/10\/2015_Limoges_Re\u0301publique-1086x1536.jpeg 1086w, https:\/\/www.eveha.fr\/wp-content\/uploads\/2025\/10\/2015_Limoges_Re\u0301publique-1447x2048.jpeg 1447w, https:\/\/www.eveha.fr\/wp-content\/uploads\/2025\/10\/2015_Limoges_Re\u0301publique-scaled.jpeg 1809w\" sizes=\"(max-width: 724px) 100vw, 724px\" \/><\/figure>\n\n\n\n<figure class=\"wp-block-image size-large\"><img decoding=\"async\" loading=\"lazy\" width=\"1024\" height=\"768\" data-id=\"9741\" src=\"https:\/\/www.eveha.fr\/wp-content\/uploads\/2025\/10\/sorde2_2023-1024x768.jpg\" alt=\"\" class=\"wp-image-9741\" srcset=\"https:\/\/www.eveha.fr\/wp-content\/uploads\/2025\/10\/sorde2_2023-1024x768.jpg 1024w, https:\/\/www.eveha.fr\/wp-content\/uploads\/2025\/10\/sorde2_2023-300x225.jpg 300w, https:\/\/www.eveha.fr\/wp-content\/uploads\/2025\/10\/sorde2_2023-768x576.jpg 768w, https:\/\/www.eveha.fr\/wp-content\/uploads\/2025\/10\/sorde2_2023-1536x1152.jpg 1536w, https:\/\/www.eveha.fr\/wp-content\/uploads\/2025\/10\/sorde2_2023-2048x1536.jpg 2048w\" sizes=\"(max-width: 767px) 89vw, (max-width: 1000px) 54vw, (max-width: 1071px) 543px, 580px\" \/><\/figure>\n\n\n\n<figure class=\"wp-block-image size-large\"><img decoding=\"async\" loading=\"lazy\" width=\"1024\" height=\"768\" data-id=\"9742\" src=\"https:\/\/www.eveha.fr\/wp-content\/uploads\/2025\/10\/2022_Aubenas_Montlaur-1024x768.jpeg\" alt=\"\" class=\"wp-image-9742\" srcset=\"https:\/\/www.eveha.fr\/wp-content\/uploads\/2025\/10\/2022_Aubenas_Montlaur-1024x768.jpeg 1024w, https:\/\/www.eveha.fr\/wp-content\/uploads\/2025\/10\/2022_Aubenas_Montlaur-300x225.jpeg 300w, https:\/\/www.eveha.fr\/wp-content\/uploads\/2025\/10\/2022_Aubenas_Montlaur-768x576.jpeg 768w, https:\/\/www.eveha.fr\/wp-content\/uploads\/2025\/10\/2022_Aubenas_Montlaur-1536x1152.jpeg 1536w, https:\/\/www.eveha.fr\/wp-content\/uploads\/2025\/10\/2022_Aubenas_Montlaur-2048x1536.jpeg 2048w\" sizes=\"(max-width: 767px) 89vw, (max-width: 1000px) 54vw, (max-width: 1071px) 543px, 580px\" \/><\/figure>\n\n\n\n<figure class=\"wp-block-image size-large\"><img decoding=\"async\" loading=\"lazy\" width=\"1024\" height=\"683\" data-id=\"9743\" src=\"https:\/\/www.eveha.fr\/wp-content\/uploads\/2025\/10\/Saintes_IMG_7398-1024x683.jpg\" alt=\"\" class=\"wp-image-9743\" srcset=\"https:\/\/www.eveha.fr\/wp-content\/uploads\/2025\/10\/Saintes_IMG_7398-1024x683.jpg 1024w, https:\/\/www.eveha.fr\/wp-content\/uploads\/2025\/10\/Saintes_IMG_7398-300x200.jpg 300w, https:\/\/www.eveha.fr\/wp-content\/uploads\/2025\/10\/Saintes_IMG_7398-768x512.jpg 768w, https:\/\/www.eveha.fr\/wp-content\/uploads\/2025\/10\/Saintes_IMG_7398-1536x1024.jpg 1536w, https:\/\/www.eveha.fr\/wp-content\/uploads\/2025\/10\/Saintes_IMG_7398-2048x1365.jpg 2048w\" sizes=\"(max-width: 767px) 89vw, (max-width: 1000px) 54vw, (max-width: 1071px) 543px, 580px\" \/><\/figure>\n\n\n\n<figure class=\"wp-block-image size-large\"><img decoding=\"async\" loading=\"lazy\" width=\"1024\" height=\"768\" data-id=\"9744\" src=\"https:\/\/www.eveha.fr\/wp-content\/uploads\/2025\/10\/2023_Lagarde\u0300re_Bourdette3-1024x768.jpg\" alt=\"\" class=\"wp-image-9744\" srcset=\"https:\/\/www.eveha.fr\/wp-content\/uploads\/2025\/10\/2023_Lagarde\u0300re_Bourdette3-1024x768.jpg 1024w, https:\/\/www.eveha.fr\/wp-content\/uploads\/2025\/10\/2023_Lagarde\u0300re_Bourdette3-300x225.jpg 300w, https:\/\/www.eveha.fr\/wp-content\/uploads\/2025\/10\/2023_Lagarde\u0300re_Bourdette3-768x576.jpg 768w, https:\/\/www.eveha.fr\/wp-content\/uploads\/2025\/10\/2023_Lagarde\u0300re_Bourdette3-1536x1152.jpg 1536w, https:\/\/www.eveha.fr\/wp-content\/uploads\/2025\/10\/2023_Lagarde\u0300re_Bourdette3-2048x1536.jpg 2048w\" sizes=\"(max-width: 767px) 89vw, (max-width: 1000px) 54vw, (max-width: 1071px) 543px, 580px\" \/><\/figure>\n\n\n\n<figure class=\"wp-block-image size-large\"><img decoding=\"async\" loading=\"lazy\" width=\"683\" height=\"1024\" data-id=\"9745\" src=\"https:\/\/www.eveha.fr\/wp-content\/uploads\/2025\/10\/2017_St-Geniez_Tours-de-Merle-683x1024.jpeg\" alt=\"\" class=\"wp-image-9745\" srcset=\"https:\/\/www.eveha.fr\/wp-content\/uploads\/2025\/10\/2017_St-Geniez_Tours-de-Merle-683x1024.jpeg 683w, https:\/\/www.eveha.fr\/wp-content\/uploads\/2025\/10\/2017_St-Geniez_Tours-de-Merle-200x300.jpeg 200w, https:\/\/www.eveha.fr\/wp-content\/uploads\/2025\/10\/2017_St-Geniez_Tours-de-Merle-768x1152.jpeg 768w, https:\/\/www.eveha.fr\/wp-content\/uploads\/2025\/10\/2017_St-Geniez_Tours-de-Merle-1024x1536.jpeg 1024w, https:\/\/www.eveha.fr\/wp-content\/uploads\/2025\/10\/2017_St-Geniez_Tours-de-Merle-1365x2048.jpeg 1365w, https:\/\/www.eveha.fr\/wp-content\/uploads\/2025\/10\/2017_St-Geniez_Tours-de-Merle-scaled.jpeg 1707w\" sizes=\"(max-width: 683px) 100vw, 683px\" \/><\/figure>\n\n\n\n<figure class=\"wp-block-image size-large\"><img decoding=\"async\" loading=\"lazy\" width=\"683\" height=\"1024\" data-id=\"9769\" src=\"https:\/\/www.eveha.fr\/wp-content\/uploads\/2025\/10\/dijon_ruebaudin2-683x1024.jpg\" alt=\"\" class=\"wp-image-9769\" srcset=\"https:\/\/www.eveha.fr\/wp-content\/uploads\/2025\/10\/dijon_ruebaudin2-683x1024.jpg 683w, https:\/\/www.eveha.fr\/wp-content\/uploads\/2025\/10\/dijon_ruebaudin2-200x300.jpg 200w, https:\/\/www.eveha.fr\/wp-content\/uploads\/2025\/10\/dijon_ruebaudin2-768x1152.jpg 768w, https:\/\/www.eveha.fr\/wp-content\/uploads\/2025\/10\/dijon_ruebaudin2-1024x1536.jpg 1024w, https:\/\/www.eveha.fr\/wp-content\/uploads\/2025\/10\/dijon_ruebaudin2-1365x2048.jpg 1365w, https:\/\/www.eveha.fr\/wp-content\/uploads\/2025\/10\/dijon_ruebaudin2-scaled.jpg 1707w\" sizes=\"(max-width: 683px) 100vw, 683px\" \/><\/figure>\n<\/figure>\n","protected":false},"excerpt":{"rendered":"<p>D\u00e9finition Les chercheurs d\u2019\u00c9veha r\u00e9alisent des \u00e9tudes arch\u00e9ologiques du b\u00e2ti qui permettent d\u2019appr\u00e9hender l\u2019histoire du lieu et contribuent \u00e0 la r\u00e9alisation de restaurations plus respectueuses de notre patrimoine. Exemple de r\u00e9f\u00e9rences Mandataire Covalence &#8211;Chateldon (63)\u00c9tude de b\u00e2ti CA du Grand &#8211;Cognac (16)R\u00e9habilitation Architectes mandataires_Moissac (82) \u00c9tude des \u00e9l\u00e9vations de l&rsquo;abbatiale Saint-Pierre Galerie<\/p>\n","protected":false},"author":23,"featured_media":0,"parent":0,"menu_order":0,"comment_status":"closed","ping_status":"closed","template":"","meta":{"inline_featured_image":false,"footnotes":""},"_links":{"self":[{"href":"https:\/\/www.eveha.fr\/index.php\/wp-json\/wp\/v2\/pages\/9683"}],"collection":[{"href":"https:\/\/www.eveha.fr\/index.php\/wp-json\/wp\/v2\/pages"}],"about":[{"href":"https:\/\/www.eveha.fr\/index.php\/wp-json\/wp\/v2\/types\/page"}],"author":[{"embeddable":true,"href":"https:\/\/www.eveha.fr\/index.php\/wp-json\/wp\/v2\/users\/23"}],"replies":[{"embeddable":true,"href":"https:\/\/www.eveha.fr\/index.php\/wp-json\/wp\/v2\/comments?post=9683"}],"version-history":[{"count":14,"href":"https:\/\/www.eveha.fr\/index.php\/wp-json\/wp\/v2\/pages\/9683\/revisions"}],"predecessor-version":[{"id":9979,"href":"https:\/\/www.eveha.fr\/index.php\/wp-json\/wp\/v2\/pages\/9683\/revisions\/9979"}],"wp:attachment":[{"href":"https:\/\/www.eveha.fr\/index.php\/wp-json\/wp\/v2\/media?parent=9683"}],"curies":[{"name":"wp","href":"https:\/\/api.w.org\/{rel}","templated":true}]}}